me number?
True
Is 113809 a composite number?
False
Is 2455 a composite number?
True
Is 35761 a composite number?
True
Is 10007 composite?
False
Is 14 composite?
True
Is 4789 a composite number?
False
Is 484487 composite?
False
Is 1407671 a composite number?
False
Is 123547 a composite number?
False
Is 188231 composite?
True
Is 53011 composite?
True
Is 3203 a prime number?
True
Is 1069 prime?
True
Is 58297 a prime number?
False
Is 21089 prime?
True
Is 87479 prime?
False
Is 45707 a prime number?
True
Is 364757 composite?
True
Is 415619 a prime number?
False
Is 1216987 composite?
False
Is 73183 a composite number?
True
Is 329974 composite?
True
Is 492557 composite?
True
Is 177511 prime?
True
Is 227561 prime?
True
Is 55579 a composite number?
False
Is 230729 a composite number?
False
Is 7291 a composite number?
True
Is 244547 prime?
True
Is 448829 composite?
False
Is 19921 a prime number?
False
Is 1996241 a composite number?
True
Is 44747 a composite number?
True
Is 50017 a prime number?
False
Is 631 composite?
False
Is 11903 a prime number?
True
Is 14302 a prime number?
False
Is 821 composite?
False
Is 228397 a composite number?
True
Is 8711507 a composite number?
True
Is 127047 prime?
False
Is 24033 a prime number?
False
Is 24461 composite?
True
Is 631 composite?
False
Is 18841 prime?
False
Is 64547 composite?
True
Is 11311 a prime number?
True
Is 30421 a prime number?
False
Is 81799 a prime number?
True
Is 101617 a prime number?
False
Is 3263 composite?
True
Is 186433 composite?
True
Is 35933 composite?
False
Is 14251 composite?
False
Is 220279 composite?
False
Is 12235 prime?
False
Is 53221 a prime number?
False
Is 55567 a composite number?
True
Is 69313 a composite number?
False
Is 124687 a composite number?
True
Is 49683 prime?
False
Is 21211 prime?
True
Is 388349 prime?
False
Is 83909 composite?
True
Is 1117153 composite?
False
Is 11873 composite?
True
Is 3191 a prime number?
True
Is 10207 a composite number?
True
Is 18529 a prime number?
False
Is 3493 composite?
True
Is 41221 composite?
False
Is 2719 prime?
True
Is 42401 a prime number?
False
Is 70435 a prime number?
False
Is 641689 a prime number?
False
Is 38863 a composite number?
True
Is 39139 a composite number?
False
Is 314527 a composite number?
False
Is 345305 a prime number?
False
Is 42087 a prime number?
False
Is 123811 composite?
True
Is 713911 a composite number?
True
Is 23099 a composite number?
False
Is 20521 prime?
True
Is 723981 prime?
False
Is 14923 composite?
False
Is 10559 prime?
True
Is 90577 composite?
True
Is 368321 a prime number?
False
Is 106823 a prime number?
True
Is 348481 composite?
True
Is 31469 composite?
False
Is 32347 a prime number?
False
Is 5077 prime?
True
Is 121039 composite?
False
Is 2479 composite?
True
Is 113609 a prime number?
False
Is 23906 a composite number?
True
Is 146563 a prime number?
True
Is 441469 a composite number?
True
Is 7949 composite?
False
Is 13997 a prime number?
True
Is 21557 composite?
False
Is 8501 a composite number?
False
Is 1058729 composite?
True
Is 14489 a prime number?
True
Is 2206 prime?
False
Is 17007 prime?
False
Is 132051 composite?
True
Is 1693 a prime number?
True
Is 15977 composite?
True
Is 8501 a prime number?
True
Is 5941 composite?
True
Is 14671 composite?
True
Is 24359 prime?
True
Is 26417 prime?
True
Is 3205 composite?
True
Is 104491 a prime number?
True
Is 32177 composite?
True
Is 8311 a composite number?
False
Is 32313 prime?
False
Is 45851 prime?
False
Is 103861 prime?
False
Is 124121 composite?
False
Is 54361 prime?
True
Is 69889 composite?
True
Is 2374 a prime number?
False
Is 452635 prime?
False
Is 2209697 composite?
True
Is 623603 composite?
True
Is 4733 a prime number?
True
Is 26333 prime?
False
Is 314299 prime?
True
Is 9529 a prime number?
False
Is 2049 a composite number?
True
Is 186785 a prime number?
False
Is 572867 composite?
False
Is 29473 composite?
False
Is 279511 a prime number?
True
Is 38543 a composite number?
False
Is 244334 prime?
False
Is 43243 composite?
True
Is 16811 a composite number?
False
Is 70709 prime?
True
Is 210257 a composite number?
False
Is 135257 a composite number?
False
Is 56297 a composite number?
True
Is 354818 prime?
False
Is 399571 a composite number?
False
Is 51451 prime?
False
Is 107974 prime?
False
Is 2373179 composite?
False
Is 1865 composite?
True
Is 11851 composite?
True
Is 19769 a composite number?
True
Is 868963 prime?
False
Is 62773 a prime number?
True
Is 3427 a composite number?
True
Is 3083 a prime number?
True
Is 6347 prime?
False
Is 1779 a prime number?
False
Is 132049 a prime number?
True
Is 79757 composite?
False
Is 379633 prime?
True
Is 99241 a prime number?
True
Is 45659 a composite number?
False
Is 11791 composite?
True
Is 44903 a composite number?
True
Is 23279 a composite number?
False
Is 33779 a prime number?
False
Is 1198583 composite?
False
Is 15439 composite?
False
Is 552301 a composite number?
False
Is 98219 a composite number?
True
Is 373003 a composite number?
False
Is 64069 a composite number?
True
Is 287917 a composite number?
True
Is 8927 a prime number?
False
Is 48403 composite?
True
Is 898 a composite number?
True
Is 18589 a prime number?
False
Is 1160407 prime?
True
Is 267959 composite?
False
Is 400381 prime?
True
Is 22853 a composite number?
False
Is 456799 a composite number?
True
Is 9941 a prime number?
True
Is 237371 prime?
False
Is 38903 prime?
True
Is 1007 a prime number?
False
Is 81401 prime?
True
Is 349709 a prime number?
True
Is 9239 a prime number?
True
Is 209093 prime?
False
Is 76871 composite?
False
Is 770097 a prime number?
False
Is 1018471 a composite number?
False
Is 347 a prime number?
True
Is 1447453 prime?
False
Is 253127 composite?
True
Is 355933 composite?
False
Is 9803 prime?
True
Is 85502 a composite number?
True
Is 16015 composite?
True
Is 18041 composite?
False
Is 1862191 a composite number?
True
Is 143161 composite?
True
Is 145609 a prime number?
False
Is 281497 a composite number?
True
Is 13093 composite?
False
Is 353861 a composite number?
True
Is 1019059 prime?
True
Is 5021 a composite number?
False
Is 5737 a composite number?
False
Is 24257 a composite number?
True
Is 613697 prime?
False
Is 16493 a prime number?
True
Is 62119 prime?
True
Is 119431 composite?
True
Is 15259 composite?
False
Is 1184791 a composite number?
False
Is 319115 composite?
True
Is 2918 composite?
True
Is 394453 prime?
True
Is 4405 composite?
True
Is 22463 a prime number?
False
Is 329551 a composite number?
False
Is 4283 a composite number?
False
Is 493 prime?
False
Is 3220703 composite?
False
Is 12611 a composite number?
False
Is 1399235 a prime number?
False
Is 275129 prime?
True
Is 3909 prime?
False
Is 12863 composite?
True
Is 149599 a composite number?
True
Is 14501 composite?
True
Is 719 prime?
True
Is 12373 prime?
True
Is 1336853 composite?
True
Is 75557 prime?
True
Is 620381 prime?
False
Is 25511 prime?
False
Is 995 a prime number?
False
Is 444263 a composite number?
True
Is 15629 a composite number?
False
Is 11399 a composite number?
False
Is 1240483 a prime number?
True
Is 511001 a prime number?
True
Is 3403 a composite number?
True
Is 61031 a prime number?
True
Is 123859 a composite number?
True
Is 11539 a composite number?
True
Is 115547 prime?
True
Is 43669 a composite number?
False
Is 14909 prime?
False
Is 22478 composite?
True
Is 39499 composite?
False
Is 1009 a prime number?
True
Is 6469 a composite number?
False
Is 7841 a composite number?
False
Is 1099529 composite?
True
Is 1661297 a prime number?
False
Is 30655 a prime number?
False
Is 20897 a composite number?
False
Is 330622 composite?
True
Is 26434 a prime number?
False
Is 189757 a prime number?
True
Is 191894 a prime number?
False
Is 7897 a composite number?
True
Is 9115 composite?
True
Is 22297 a composite number?
True
Is 26651 a composite number?
True
Is 400849 composite?
False
Is 107599 a composite number?
False
Is 188459 a prime number?
True
Is 23757 composite?
True
Is 57977 composite?
False
Is 10589 prime?
True
Is 10249 composite?
True
Is 38797 composite?
True
Is 214417 a composite number?
True
Is 152879 a composite number?
False
Is 16463 prime?
False
Is 8999 composite?
False
Is 53147 a prime number?
True
Is 32821 a prime number?
False
Is 7613 prime?
False
